{"id":2409,"date":"2017-05-04T13:30:33","date_gmt":"2017-05-04T13:30:33","guid":{"rendered":"http:\/\/corsi.unica.it\/biotecnologieindustriali\/?page_id=2409"},"modified":"2017-05-04T13:30:33","modified_gmt":"2017-05-04T13:30:33","slug":"erasmus","status":"publish","type":"page","link":"https:\/\/corsi.unica.it\/biotecnologieindustriali\/erasmus\/","title":{"rendered":"Erasmus"},"content":{"rendered":"<blockquote><p>Questa sezione \u00e8 indirizzata agli studenti interessati a svolgere un periodo di studi presso un ateneo europeo, nell&#8217;ambito del Programma comunitario Erasmus +.\u00a0Le opportunit\u00e0 di studio all\u2019estero sono rese note agli studenti attraverso appositi bandi di selezione (<a href=\"http:\/\/sites.unica.it\/erasmus\/mobilita-internazionale\/\" target=\"_self\">Mobilit\u00e0 studentesca UNICA<\/a>). Agli studenti prescelti potranno essere concessi contributi finanziari in forma di borse di mobilit\u00e0.<\/p>\n<p><a href=\"http:\/\/www.erasmusplus.it\/\" target=\"_self\">ERASMUS +<\/a> \u00e8 il nuovo Programma dell&#8217;Unione Europea per l\u2019Istruzione, la Formazione, la Giovent\u00f9 e lo Sport 2014-2020. Il programma, approvato con il <a href=\"http:\/\/www.erasmusplus.it\/file\/2015\/01\/Regolamento_erasmusplus.pdf\" target=\"_self\">Regolamento UE N 1288\/2013<\/a> del Parlamento europeo e del Consiglio, combina e integra tutti i meccanismi di finanziamento attuati dall\u2019Unione Europea fino al 2013 (Comenius, Erasmus, Leonardo da Vinci, Erasmus Mundus, Tempus, ecc).<\/p>\n<p>Erasmus, acronimo di European Community Action Scheme fore the Mobility of University Students, promuove l\u2019internazionalizzazione degli Istituti di Istruzione Superiore con un eccezionale investimento nella mobilit\u00e0 individuale per l\u2019apprendimento; sono state infatti introdotte novit\u00e0 che incrementano le opportunit\u00e0 per gli studenti di vivere un\u2019esperienza di studio e di tirocinio all\u2019estero, estendendo quest\u2019ultima attivit\u00e0 anche al neolaureato. Lo studente di 1\u00b0, 2\u00b0 e 3\u00b0 ciclo pu\u00f2 confrontarsi con realt\u00e0 universitarie e lavorative di tipo internazionale, seguendo corsi e sostenendo esami in un altro Istituto di Istruzione Superiore e praticando un tirocinio in un\u2019azienda all\u2019estero: le due esperienze si possono sia alternare che ripetere nel rispetto della durata complessiva di 12 mesi per ciascun ciclo di studi. Lo studente in possesso almeno di titolo di 1\u00b0 ciclo pu\u00f2 ricevere una borsa di studio per accedere ad un <a href=\"http:\/\/www.erasmusplus.it\/universita\/diploma-di-laurea-magistrale-congiunto-jmd\/\" target=\"_self\">Titolo di Master Congiunto Erasmus Mundus<\/a> (EM Joint Master Degree) per il conseguimento di un titolo congiunto (un unico diploma rilasciato da almeno due Istituti di Istruzione Superiore di diversi paesi aderenti al programma) o di un titolo multiplo (almeno due diplomi rilasciati da due Istituti di Istruzione Superiore di diversi paesi aderenti al programma).<br \/>\nIl Programma Erasmus+ prevede anche un <a href=\"http:\/\/www.erasmusplus.it\/universita\/garanzia-dei-prestiti-per-studenti-ka1\/\" target=\"_self\">Sistema di Garanzia dei prestiti<\/a> rivolto agli studenti di Laurea Magistrale per seguire un programma di studio di 1 o 2 anni all\u2019estero.<\/p>\n<p><u>MOBILITA\u2019 AI FINI DI STUDIO<\/u><br \/>\n\u00c8 possibile effettuare una mobilit\u00e0 per studio all\u2019estero, dai 3 a 12 mesi (incluso un periodo di tirocinio, se pianificato e incluse precedenti esperienze di mobilit\u00e0 in LLP), presso un Istituto d\u2019Istruzione Superiore in uno dei Paesi partecipanti al Programma a partire dal secondo anno di studi.<br \/>\nLo studente deve essere iscritto presso l\u2019Universit\u00e0 di Cagliari, e partecipare al relativo Bando, ed il periodo di studio all\u2019estero deve essere parte integrante del programma di studio dello studente; la mobilit\u00e0 deve svolgersi presso Universit\u00e0 straniere che abbiano firmato un Accordo Interistituzionale con l\u2019Universit\u00e0 di Cagliari.<br \/>\nLe modalit\u00e0 di partecipazione vengono indicate nel bando <a href=\"http:\/\/sites.unica.it\/erasmus\/mobilita-internazionale\/mobilita-studenti\/erasmus\/erasmus-studio\/\" target=\"_self\">Erasmus +<\/a> , pubblicato ogni anno solitamente nel periodo febbraio-marzo.<\/p>\n<p><a href=\"http:\/\/www.unica.it\/UserFiles\/File\/Utenti\/vani\/ERASMUS+%202016_2017\/Biologia%20I%20-%2023.02.2016_new.pdf\" target=\"_self\">SEDI DI DESTINAZIONE PER I CORSI DI LAUREA IN BIOLOGIA E BIOTECNOLOGIE<\/a><\/p>\n<p><u>Criteri di selezione<\/u><br \/>\nMerito accademico max 60 punti (viene calcolato considerando media ponderata, CFU acquisiti e tempo di percorrenza dell\u2019intera carriera accademica del candidato \u2013 vedi guida al bando)<br \/>\nCompetenze linguistiche max 10 punti<br \/>\nMotivazione max 10 punti (obiettivi e coerenza dell\u2019 esperienza formativa proposta con la formazione accademica del candidato)<br \/>\nSono ammessi alla selezione solo i candidati con un punteggio minimo di 31.5 sul parametro \u201cMerito accademico\u201d.<br \/>\nNON sono ammessi gli studenti oltre il secondo anno fuori corso.<\/p>\n<p><u>MOBILITA\u2019 AI FINI DI TRAINEESHIP<\/u><br \/>\n\u00c8 possibile effettuare una mobilit\u00e0 per traineeship all\u2019estero, dai 2 a 12 mesi, presso una impresa o altra organizzazione, in uno dei Paesi partecipanti al Programma (Europa e paesi partner), a partire dal primo anno di studi. Anche i neolaureati, possono fare domanda di traineeship. Questi ultimi dovranno rispondere al bando di Ateneo e risultare selezionati, prima di laurearsi; dal momento del conseguimento della Laurea, ci sono 12 mesi di tempo per svolgere la mobilit\u00e0 di traineeship.\u00a0Le sedi eleggibili per ospitare un traineeship comprendono aziende, universit\u00e0 e centri di ricerca e sono scelte dal candidato. Studenti e\/o neo-laureati che ancora non sappiano dove svolgere un traineeship all\u2019estero possono registrarsi alla seguente piattaforma <a href=\"http:\/\/erasmusintern.org\/\" target=\"_self\">erasmusintern.org<\/a> promossa da <a href=\"http:\/\/www.esnitalia.org\/\" target=\"_self\">Erasmus Student Network<\/a>.<br \/>\nReferente: <a href=\"http:\/\/facolta.unica.it\/biologiaefarmacia\/commissioni\/commissione-internazionalizzazione\/\" target=\"_self\">Commissione internazionalizzazione di Facolt\u00e0<\/a><\/p>\n<p><u>ERASMUS MUNDUS<\/u><br \/>\n<a href=\"http:\/\/erasmusmundus.it\/index.aspx\" target=\"_self\">Erasmus Mundus<\/a> permette agli studenti di dare alla propria formazione un particolare \u201cvalore aggiunto\u201d che si basa sulla possibilit\u00e0 di:<br \/>\n1. frequentare <a href=\"http:\/\/erasmusmundus.it\/descrizione\/per-studenti-italiani-e-ue.aspx#EMJMD\" target=\"_self\">corsi di master congiunti<\/a> o <a href=\"http:\/\/erasmusmundus.it\/descrizione\/per-studenti-italiani-e-ue.aspx#EMJD\" target=\"_self\">dottorati congiunti<\/a> realizzati da consorzi di istituzioni di istruzione superiore europee e di paesi terzi e\/o paesi partner; gli studenti\/candidati dottorali che concludono gli studi con esito positivo ottengono un titolo di studio congiunto, oppure doppio o multiplo;<br \/>\n2. realizzare <a href=\"http:\/\/erasmusmundus.it\/descrizione\/per-studenti-italiani-e-ue.aspx#AZIONE2\" target=\"_self\">periodi di mobilit\u00e0 individuale<\/a>, se studenti (primo ciclo, secondo ciclo, dottorato, post-dottorato) iscritti a istituzioni d\u2019istruzione superiore dell\u2019UE che fanno parte di consorzi che gestiscono partenariati finanziati da Erasmus Mundus \u2013 Azione 2. Gli &#8220;studenti europei&#8221; in alcuni casi possono realizzare periodi di mobilit\u00e0 individuale, anche se non sono iscritti presso le istituzioni che fanno parte dei consorzi Erasmus Mundus. Per la lista dei consorzi che realizzano progetti di mobilit\u00e0 in ciascun lotto, <a href=\"http:\/\/eacea.ec.europa.eu\/erasmus_mundus\/results_compendia\/selected_projects_action_2_en.php\" target=\"_self\">clicca qui<\/a>.<br \/>\nBandi , Informazioni e Modulistica Erasmus + sono consultabili e scaricabili alla pagina web di UNICA, settore Mobilit\u00e0 Studentesca (<a href=\"http:\/\/sites.unica.it\/erasmus\/\" target=\"_self\">ISMOKA<\/a>)<\/p>\n<p>ESN &#8211; Erasmus Student Network.\u00a0L&#8217;associazione ESN fornisce assistenza agli studenti stranieri in arrivo a Cagliari ed agli studenti italiani in partenza. La sede ESN Cagliari si trova presso l&#8217;ufficio ISMOKA, in Via Santa Croce 67.<br \/>\nPer maggiori informazioni sulle attivit\u00e0 di ESN visitare il sito <a href=\"http:\/\/www.esncagliari.org\/\" target=\"_self\">www.esncagliari.org<\/a>.<\/p>\n<p>LINK UTILI:<br \/>\n<a href=\"http:\/\/ec.europa.eu\/programmes\/erasmus-plus\/index_it.htm\" target=\"_self\">http:\/\/ec.europa.eu\/programmes\/erasmus-plus\/index_it.htm<\/a><br \/>\n<a href=\"http:\/\/erasmusplusols.eu\/it\/\" target=\"_self\">http:\/\/erasmusplusols.eu\/it\/<\/a><br \/>\n<a href=\"http:\/\/www.em-a.eu\/en\/home.html\" target=\"_self\">http:\/\/www.em-a.eu\/en\/home.html<\/a><\/p>\n<p><strong><br \/>\nPer informazioni contattare<\/strong><br \/>\nReferente Erasmus + prof.ssa <a href=\"mailto:marchi@unica.it\" target=\"_self\">Annalisa Marchi<\/a><br \/>\nAltri componenti della Commissione Erasmus+ prof. <a href=\"mailto:sanjust@unica.it\" target=\"_self\">Enrico Sanjust<\/a>, dott. <a href=\"mailto:pzucca@unica.it\" target=\"_self\">Paolo Zucca<\/a><br \/>\nManager didattico del CdL dott.ssa <a href=\"mailto:manager.biotin@consorziouno.it\" target=\"_self\">Daniela Mastino<\/a><\/p>\n<p><strong><br \/>\n<\/strong><u>Ex Studenti Erasmus<\/u><strong>\u00a0<\/strong><\/p>\n<p><strong>Maura Bandino<\/strong>\u00a0Francia &#8211; Universit\u00e9 Paris Diderot Paris 7 &#8211; email:\u00a0<a href=\"mailto:maura92cloe@gmail.com\" target=\"_self\">maura92cloe@gmail.com<\/a><br \/>\n<strong>Valentina Frau <\/strong>Spagna &#8211;<strong>\u00a0<\/strong>Universidad de Murcia &#8211; email:\u00a0<a href=\"mailto:valinda87@hotmail.it\" target=\"_self\">valinda87@hotmail.it<\/a><br \/>\n<strong>Alessandra Domeniconi <\/strong>Spagna &#8211;\u00a0Universidad de Salamanca &#8211; email: <a href=\"mailto:ale892@libero.it\" target=\"_self\">ale892@libero.it<\/a><br \/>\n<strong>Federica Quesada\u00a0<\/strong>Spagna &#8211;\u00a0Universidad de Salamanca &#8211; email:\u00a0<a href=\"mailto:ale892@libero.it\" target=\"_self\">geniettapazza@gmail.com<\/a><br \/>\n<strong>Marco Perla<\/strong> Polonia &#8211;\u00a0University of Technology and Life Sciences Bydgoszcz &#8211; email\u00a0<a href=\"mailto:mrcperla4@gmail.com\" target=\"_self\">mrcperla4@gmail.com<\/a><br \/>\n<strong>Gianluca Piredda\u00a0<\/strong>Polonia &#8211; University of Technology and Life Sciences Bydgoszcz &#8211; email\u00a0<a href=\"mailto:LucaP5591@gmail.com\" target=\"_self\">LucaP5591@gmail.com<\/a><strong><br \/>\nR<\/strong><strong>iccardo Ardu\u00a0<\/strong>Regno Unito &#8211; John Innes Centre Norwich<strong>\u00a0&#8211; <\/strong>email\u00a0<a href=\"mailto:r.ardu88@gmail.com\" target=\"_self\">r.ardu88@gmail.com<\/a><strong><br \/>\nDenise Masella <\/strong>Regno Unito<strong>\u00a0<\/strong>&#8211; Critical Pharmaceuticals Ltd Nottingham &#8211; email\u00a0<a href=\"mailto:denise.max@hotmail.it\" target=\"_self\">denise.max@hotmail.it<\/a><br \/>\n<strong>Simona Follesa<\/strong> Germania &#8211;\u00a0VivaCell Biotechnology GmbH Denzlingen &#8211; email\u00a0<a href=\"mailto:follesa92@gmail.com\" target=\"_self\">follesa92@gmail.com<\/a><\/p><\/blockquote>\n","protected":false},"excerpt":{"rendered":"<p>Questa sezione \u00e8 indirizzata agli studenti interessati a svolgere un periodo di studi presso un ateneo europeo, nell&#8217;ambito del Programma comunitario Erasmus +.\u00a0Le opportunit\u00e0 di studio all\u2019estero sono rese note agli studenti attraverso appositi bandi di selezione (Mobilit\u00e0 studentesca UNICA). Agli studenti prescelti potranno essere concessi contributi finanziari in forma di borse di mobilit\u00e0. ERASMUS + \u00e8 il nuovo Programma dell&#8217;Unione Europea per l\u2019Istruzione, la Formazione, la Giovent\u00f9 e lo Sport 2014-2020. Il programma, approvato con il Regolamento UE N 1288\/2013 del Parlamento europeo e del Consiglio, combina e integra tutti i meccanismi di finanziamento attuati dall\u2019Unione Europea fino al <a href='https:\/\/corsi.unica.it\/biotecnologieindustriali\/erasmus\/' class='excerpt-more'>[&#8230;]<\/a><\/p>\n","protected":false},"author":2657,"featured_media":0,"parent":0,"menu_order":0,"comment_status":"closed","ping_status":"closed","template":"","meta":{"footnotes":""},"class_list":["post-2409","page","type-page","status-publish","hentry","post-seq-1","post-parity-odd","meta-position-corners","fix"],"publishpress_future_action":{"enabled":false,"date":"2026-04-30 18:09:03","action":"change-status","newStatus":"draft","terms":[],"taxonomy":"","extraData":[]},"publishpress_future_workflow_manual_trigger":{"enabledWorkflows":[]},"_links":{"self":[{"href":"https:\/\/corsi.unica.it\/biotecnologieindustriali\/wp-json\/wp\/v2\/pages\/2409","targetHints":{"allow":["GET"]}}],"collection":[{"href":"https:\/\/corsi.unica.it\/biotecnologieindustriali\/wp-json\/wp\/v2\/pages"}],"about":[{"href":"https:\/\/corsi.unica.it\/biotecnologieindustriali\/wp-json\/wp\/v2\/types\/page"}],"author":[{"embeddable":true,"href":"https:\/\/corsi.unica.it\/biotecnologieindustriali\/wp-json\/wp\/v2\/users\/2657"}],"replies":[{"embeddable":true,"href":"https:\/\/corsi.unica.it\/biotecnologieindustriali\/wp-json\/wp\/v2\/comments?post=2409"}],"version-history":[{"count":1,"href":"https:\/\/corsi.unica.it\/biotecnologieindustriali\/wp-json\/wp\/v2\/pages\/2409\/revisions"}],"predecessor-version":[{"id":2410,"href":"https:\/\/corsi.unica.it\/biotecnologieindustriali\/wp-json\/wp\/v2\/pages\/2409\/revisions\/2410"}],"wp:attachment":[{"href":"https:\/\/corsi.unica.it\/biotecnologieindustriali\/wp-json\/wp\/v2\/media?parent=2409"}],"curies":[{"name":"wp","href":"https:\/\/api.w.org\/{rel}","templated":true}]}}