{"id":102,"date":"2012-04-12T12:03:39","date_gmt":"2012-04-12T12:03:39","guid":{"rendered":"http:\/\/people.unica.it\/basecds\/?page_id=102"},"modified":"2016-09-08T08:01:51","modified_gmt":"2016-09-08T08:01:51","slug":"home","status":"publish","type":"page","link":"https:\/\/corsi.unica.it\/filosofiaeteoriedellacomunicazione\/","title":{"rendered":"Home"},"content":{"rendered":"<p>Benvenuti nel sito del corso di studi in <strong>Filosofia e teorie della comunicazione<\/strong><\/p>\n<p>Questo percorso affianca allo studio delle discipline filosofiche pi\u00f9 classiche competenze teoriche e strumenti relativi al mondo della comunicazione.<\/p>\n<p>Il percorso di studi \u00e8 stato progettato in continuit\u00e0 con il triennio sia in <a href=\"http:\/\/www.com.unica.it\">Scienze\u00a0della comunicazione<\/a>\u00a0che in <a href=\"http:\/\/people.unica.it\/filosofia\/\">Filosofia<\/a>.<\/p>\n<div class=\"elencoarticoli\"><h3>Notizie<\/h3><ul class=\"ulpostelenco\"><li><a  title=\"Laboratorio di inglese - inizio lezioni\" href=\"https:\/\/corsi.unica.it\/filosofiaeteoriedellacomunicazione\/2024\/02\/29\/laboratorio-di-inglese-inizio-lezioni\/\" ><div class=\"datapostelenco\">29-02-2024<\/div><div class=\"titolopostelencodata\">Laboratorio di inglese - inizio lezioni<\/div><\/a><\/li><li><a  title=\"Incontro Erasmus+ 15 febbraio ore 11\" href=\"https:\/\/corsi.unica.it\/filosofiaeteoriedellacomunicazione\/2024\/02\/06\/incontro-erasmus-15-febbraio-ore-11\/\" ><div class=\"datapostelenco\">06-02-2024<\/div><div class=\"titolopostelencodata\">Incontro Erasmus+ 15 febbraio ore 11<\/div><\/a><\/li><li><a  title=\"Blended Research Summer School \u201cIslands of (the)Enlightenment\u201d\" href=\"https:\/\/corsi.unica.it\/filosofiaeteoriedellacomunicazione\/2024\/02\/02\/blended-research-summer-school-islands-of-theenlightenment\/\" ><div class=\"datapostelenco\">02-02-2024<\/div><div class=\"titolopostelencodata\">Blended Research Summer School \u201cIslands of (the)Enlightenment\u201d<\/div><\/a><\/li><li><a  title=\"\u201cNell\u2019Antropocene. Per ripensare le crisi contemporanee\u201d - Marted\u00ec 6 febbraio, ore 15.30. Aula Magna Motzo (Sa Duchessa)\" href=\"https:\/\/corsi.unica.it\/filosofiaeteoriedellacomunicazione\/2024\/01\/24\/nellantropocene-per-ripensare-le-crisi-contemporanee-martedi-6-febbraio-ore-15-30-aula-magna-motzo-sa-duchessa\/\" ><div class=\"datapostelenco\">24-01-2024<\/div><div class=\"titolopostelencodata\">\u201cNell\u2019Antropocene. Per ripensare le crisi contemporanee\u201d - Marted\u00ec 6 febbraio, ore 15.30. Aula Magna Motzo (Sa Duchessa)<\/div><\/a><\/li><li><a  title=\"Presentazione del testo di G. Ferretti. Correre e ultracorrere. Il Mulino, Bologna, 2023.\" href=\"https:\/\/corsi.unica.it\/filosofiaeteoriedellacomunicazione\/2023\/10\/06\/presentazione-del-testo-di-g-ferretti-correre-e-ultracorrere-il-mulino-bologna-2023\/\" ><div class=\"datapostelenco\">06-10-2023<\/div><div class=\"titolopostelencodata\">Presentazione del testo di G. Ferretti. Correre e ultracorrere. Il Mulino, Bologna, 2023.<\/div><\/a><\/li><\/ul><\/div>\n","protected":false},"excerpt":{"rendered":"<p>Benvenuti nel sito del corso di studi in Filosofia e teorie della comunicazione Questo percorso affianca allo studio delle discipline filosofiche pi\u00f9 classiche competenze teoriche e strumenti relativi al mondo della comunicazione. Il percorso di studi \u00e8 stato progettato in continuit\u00e0 con il triennio sia in Scienze\u00a0della comunicazione\u00a0che in Filosofia.<\/p>\n","protected":false},"author":1,"featured_media":0,"parent":0,"menu_order":0,"comment_status":"closed","ping_status":"closed","template":"","meta":{"footnotes":""},"class_list":["post-102","page","type-page","status-publish","hentry","post-seq-1","post-parity-odd","meta-position-corners","fix"],"publishpress_future_action":{"enabled":false,"date":"2026-04-11 07:19:16","action":"change-status","newStatus":"draft","terms":[],"taxonomy":"","extraData":[]},"publishpress_future_workflow_manual_trigger":{"enabledWorkflows":[]},"_links":{"self":[{"href":"https:\/\/corsi.unica.it\/filosofiaeteoriedellacomunicazione\/wp-json\/wp\/v2\/pages\/102","targetHints":{"allow":["GET"]}}],"collection":[{"href":"https:\/\/corsi.unica.it\/filosofiaeteoriedellacomunicazione\/wp-json\/wp\/v2\/pages"}],"about":[{"href":"https:\/\/corsi.unica.it\/filosofiaeteoriedellacomunicazione\/wp-json\/wp\/v2\/types\/page"}],"author":[{"embeddable":true,"href":"https:\/\/corsi.unica.it\/filosofiaeteoriedellacomunicazione\/wp-json\/wp\/v2\/users\/1"}],"replies":[{"embeddable":true,"href":"https:\/\/corsi.unica.it\/filosofiaeteoriedellacomunicazione\/wp-json\/wp\/v2\/comments?post=102"}],"version-history":[{"count":36,"href":"https:\/\/corsi.unica.it\/filosofiaeteoriedellacomunicazione\/wp-json\/wp\/v2\/pages\/102\/revisions"}],"predecessor-version":[{"id":1974,"href":"https:\/\/corsi.unica.it\/filosofiaeteoriedellacomunicazione\/wp-json\/wp\/v2\/pages\/102\/revisions\/1974"}],"wp:attachment":[{"href":"https:\/\/corsi.unica.it\/filosofiaeteoriedellacomunicazione\/wp-json\/wp\/v2\/media?parent=102"}],"curies":[{"name":"wp","href":"https:\/\/api.w.org\/{rel}","templated":true}]}}