{"id":2357,"date":"2017-02-02T23:43:41","date_gmt":"2017-02-02T23:43:41","guid":{"rendered":"http:\/\/corsi.unica.it\/scienzenaturali\/?page_id=2357"},"modified":"2017-02-23T13:22:39","modified_gmt":"2017-02-23T13:22:39","slug":"placement-test-di-inglese","status":"publish","type":"page","link":"https:\/\/corsi.unica.it\/scienzenaturali\/didattica\/placement-test-di-inglese\/","title":{"rendered":"Placement test di Inglese"},"content":{"rendered":"<p>Il Placement test di inglese\u00a0 viene gestito dal Centro Linguistico di Ateneo (CLA) e consiste in un test progressivo online di verifica delle competenze in lingua inglese sulla base dei livelli previsti dal Quadro Comune Europeo di Riferimento per la Conoscenza delle Lingue.Nell\u2019A.A. 2016-17, lo svolgimento del Placement test per gli\u00a0studenti dei Corsi di studio in SCIENZE NATURALI e in BIOLOGIA CELLULARE e MOLECOLARE \u00e8 previsto nelle date di seguito indicate:<\/p>\n<ul>\n<li><strong>28\/02\/2017 <\/strong>(inizio iscrizioni 28\/01\/2017 \u2013 chiusura iscrizioni 21\/02\/20017)<\/li>\n<li><strong>20\/06\/2017 <\/strong>(inizio iscrizioni 20\/05\/2017 \u2013 chiusura iscrizioni 13\/06\/20017)<\/li>\n<li><strong>28\/09\/2017 <\/strong>(inizio iscrizioni 28\/08\/2017 \u2013 chiusura iscrizioni 21\/09\/20017)<\/li>\n<\/ul>\n<p><strong>L\u2019iscrizione al test dovr\u00e0\u00a0essere effettuata esclusivamente online<\/strong> fatta eccezione per gli\u00a0 studenti\u00a0iscritti a Corsi di Laurea vecchio ordinamento e che sono impossibilitati ad iscriversi attraverso la procedura online. Questi ultimi\u00a0per iscriversi dovranno inviare una e-mail al seguente indirizzo<\/p>\n<ul>\n<li><a href=\"mailto:orienta.biotechnat@unica.it\">orienta.biotechnat@unica.it<\/a><\/li>\n<\/ul>\n<p>Gli studenti iscritti a Corsi di Laurea ordinamento\u00a0ante D.M. 509\/99 dovranno contattare il Coordinatore di Classe.I test si svolgeranno \u00a0presso il <strong>Laboratorio 58 a Sa Duchessa (ingresso via Trentino)<\/strong> a partire dalle ore 9:00. Prima delle prove verr\u00e0 pubblicato sul sito internet il calendario dei turni, con l\u2019orario di inizio di ciascun turno.<br \/>\n<strong>Si ricorda che, per poter essere ammessi a sostenere la prova, \u00e8 necessario portare con s\u00e9 un documento di identit\u00e0.<\/strong><\/p>","protected":false},"excerpt":{"rendered":"<p>Il Placement test di inglese\u00a0 viene gestito dal Centro Linguistico di Ateneo (CLA) e consiste in un test progressivo online di verifica delle competenze in lingua inglese sulla base dei livelli previsti dal Quadro Comune Europeo di Riferimento per la Conoscenza delle Lingue.Nell\u2019A.A. 2016-17, lo svolgimento del Placement test per gli\u00a0studenti dei Corsi di studio in SCIENZE NATURALI e in BIOLOGIA CELLULARE e MOLECOLARE \u00e8 previsto nelle date di seguito indicate: 28\/02\/2017 (inizio iscrizioni 28\/01\/2017 \u2013 chiusura iscrizioni 21\/02\/20017) 20\/06\/2017 (inizio iscrizioni 20\/05\/2017 \u2013 chiusura iscrizioni 13\/06\/20017) 28\/09\/2017 (inizio iscrizioni 28\/08\/2017 \u2013 chiusura iscrizioni 21\/09\/20017) L\u2019iscrizione al test dovr\u00e0\u00a0essere effettuata <a href='https:\/\/corsi.unica.it\/scienzenaturali\/didattica\/placement-test-di-inglese\/' class='excerpt-more'>[&#8230;]<\/a><\/p>\n","protected":false},"author":2696,"featured_media":0,"parent":2106,"menu_order":3,"comment_status":"closed","ping_status":"closed","template":"","meta":{"ngg_post_thumbnail":0,"footnotes":""},"class_list":["post-2357","page","type-page","status-publish","hentry","post-seq-1","post-parity-odd","meta-position-corners","fix"],"publishpress_future_action":{"enabled":false,"date":"2026-05-05 19:20:10","action":"change-status","newStatus":"draft","terms":[],"taxonomy":"","extraData":[]},"publishpress_future_workflow_manual_trigger":{"enabledWorkflows":[]},"_links":{"self":[{"href":"https:\/\/corsi.unica.it\/scienzenaturali\/wp-json\/wp\/v2\/pages\/2357","targetHints":{"allow":["GET"]}}],"collection":[{"href":"https:\/\/corsi.unica.it\/scienzenaturali\/wp-json\/wp\/v2\/pages"}],"about":[{"href":"https:\/\/corsi.unica.it\/scienzenaturali\/wp-json\/wp\/v2\/types\/page"}],"author":[{"embeddable":true,"href":"https:\/\/corsi.unica.it\/scienzenaturali\/wp-json\/wp\/v2\/users\/2696"}],"replies":[{"embeddable":true,"href":"https:\/\/corsi.unica.it\/scienzenaturali\/wp-json\/wp\/v2\/comments?post=2357"}],"version-history":[{"count":14,"href":"https:\/\/corsi.unica.it\/scienzenaturali\/wp-json\/wp\/v2\/pages\/2357\/revisions"}],"predecessor-version":[{"id":2609,"href":"https:\/\/corsi.unica.it\/scienzenaturali\/wp-json\/wp\/v2\/pages\/2357\/revisions\/2609"}],"up":[{"embeddable":true,"href":"https:\/\/corsi.unica.it\/scienzenaturali\/wp-json\/wp\/v2\/pages\/2106"}],"wp:attachment":[{"href":"https:\/\/corsi.unica.it\/scienzenaturali\/wp-json\/wp\/v2\/media?parent=2357"}],"curies":[{"name":"wp","href":"https:\/\/api.w.org\/{rel}","templated":true}]}}